or of 9 and o?
3
Let r = 43 - -22. Suppose 4*x - 183 = -k, 5*k + 55 + r = 3*x. Calculate the highest common divisor of x and 18.
9
Let s = 28 - 2. Let z(a) be the first derivative of -a**3/3 + 13*a**2/2 + 3*a - 12. Let f be z(9). Calculate the greatest common factor of f and s.
13
Let f(g) = 3*g + 17. Let i be f(-5). Suppose -60 = -2*o - 2*w, 5*o - i*o + w = 100. What is the greatest common divisor of o and 280?
35
Let m be 14*((-18)/(-12) + 0). Suppose m*o + 1265 = 26*o. Calculate the greatest common divisor of o and 23.
23
Let x = -4 + 8. Suppose -x*g + 79 = 2*q - 5*q, -3*q = 3*g - 33. Calculate the highest common factor of 144 and g.
16
Suppose -6*l + 12 = -8*l. Let x(i) = 3*i**2 + 9*i + 1. Let b be x(l). What is the greatest common factor of 5 and b?
5
Suppose -3*n - 16 = -7. Let z(r) = -14*r + 1. Let t be z(-1). Let f = t - n. Calculate the highest common divisor of 36 and f.
18
Let r(q) = q**3 + 2*q**2 + q - 1. Let v be r(-5). Let x = 7 - v. What is the greatest common factor of 22 and x?
22
Let y(c) = 4*c**2 + 31*c + 20. Let g be y(-21). Calculate the highest common factor of 11 and g.
11
Let m = -61 - -103. Let s = 18 + 48. Let g = s - m. Calculate the highest common divisor of g and 72.
24
Suppose 0 = -2*l - 5*s - 26, -l + 6*l + 4*s + 31 = 0. Let b be -3 - (l/2 - (-2904)/(-16)). Calculate the greatest common factor of 20 and b.
20
Let u be 1*10/(-45) - 130/(-18). Suppose -u = -3*b - 4*b. What is the greatest common factor of 3 and b?
1
Let i(g) = -3*g**3 - 5*g**2 - 16*g + 9. Let y be i(-4). What is the highest common factor of y and 10?
5
Let b = 10 - -46. Let u be ((-16)/6)/(1/(-3)). Calculate the greatest common factor of u and b.
8
Suppose 0 = 4*f - 3*x - 1634, 2*x = 4*f - 1008 - 624. Calculate the greatest common factor of f and 11.
11
Let g(a) = 18*a + 3 + 2*a - 46*a - 2. Let d be g(-1). What is the highest common divisor of 189 and d?
27
Let r(h) = -145*h + 6. Let w be r(6). Let a be (-2)/7 + w/14. Let f be -2*a/(-4)*-5. Calculate the highest common divisor of 62 and f.
31
Let m be (-33 + 0)/((-6)/8). Let x(y) = -y**2 - 9*y + 12. Let b be x(-10). Suppose -6 = -b*d + 2. Calculate the highest common factor of m and d.
4
Let x(d) = 10*d - 23. Let l = -56 + 66. Let y be x(l). Calculate the greatest common divisor of y and 7.
7
Let p be -5*1*-3 - 1. Suppose 0 = 5*o + 5*v - 365, v - 3*v = -5*o + 344. Calculate the highest common divisor of o and p.
14
Let c = -289 + 305. Let o(x) = -x - 4. Let d be o(-12). What is the highest common divisor of c and d?
8
Suppose -5*t = -5*n + 105, 14*n + t = 9*n + 105. Calculate the highest common divisor of n and 903.
21
Let w = 33 - 72. Let i be (26/3)/(2/w). Let o = -121 - i. Calculate the greatest common factor of 16 and o.
16
Let y(i) = -i**2 - 12*i - 74. Let l be y(-10). Let r = l + 110. Calculate the greatest common factor of r and 56.
56
Let b(o) = -o**3 + 11*o**2 + 13*o - 9. Let x be b(12). Suppose 0 = -g + 2*g - x*f - 93, -g = -4*f - 96. What is the greatest common divisor of g and 12?
12
Let y = -4 + 6. Suppose z - y*z + 105 = 0. Let d be (20 - 10)*6/4. What is the highest common factor of z and d?
15
Let t(c) = 8*c + 25. Let i be t(0). Suppose 5*n + 75 = 3*m, 4*n = -2*m - 5 + 55. What is the greatest common divisor of m and i?
25
Let i = -2 - 7. Let t = 6 + i. Let j be 1 - (-49 - (-3 - t)). What is the highest common divisor of 20 and j?
10
Let u(b) = 8*b + 175. Let p be u(20). Calculate the highest common divisor of p and 67.
67
Let u = 9 + -9. Let p = 139 + 13. Suppose -p = -u*q - q. Calculate the highest common factor of q and 19.
19
Let k = 5 + -1. Let c be k - 1 - (-18 - 2). Let g(p) = -81*p - 1. Let s be g(-2). What is the highest common factor of c and s?
23
Let x be (3 - 18/4)*910/(-39). Let p be (21/(-6))/((-2)/8). What is the highest common divisor of x and p?
7
Let t = 13 + 38. Suppose 4*g - 5 - t = 0. Calculate the highest common divisor of 14 and g.
14
Suppose -6*o + 8*o - 2*v = 224, o + v = 120. What is the greatest common factor of 12 and o?
4
Suppose -y + 13 + 15 = -2*u, -5*u - 58 = -2*y. Calculate the greatest common divisor of 84 and y.
12
Let v(s) = -48*s**2 + s - 2. Let w be v(1). Let l = -25 - w. What is the highest common divisor of l and 60?
12
Suppose 4*z - 218 = 294. Calculate the highest common factor of 96 and z.
32
Let d(o) = -o**3 + 5*o**2 + 15*o. Let b be d(7). Suppose -9*g + b*g + 32 = 0. Calculate the highest common divisor of g and 144.
16
Let l = 12 + -13. Let u be ((-4)/12 - l)*24. What is the highest common factor of 32 and u?
16
Suppose 5*c + 5*k + 140 = 0, -3*c = 2*k - 39 + 120. Let z = c + 7. Let g = 24 + z. Calculate the highest common factor of 4 and g.
2
Let s = -1157 + 1181. Calculate the highest common factor of 222 and s.
6
Suppose 0 = 4*j - 5*r - 23, -3*j + j + 15 = r. Calculate the highest common divisor of j and 140.
7
Let q = -109 + 102. Let f(p) = -3*p - 19. Let h be f(q). Calculate the greatest common factor of h and 32.
2
Let t be (35 + 0)*(0 - 1/1). Let o = 60 + t. What is the highest common factor of o and 25?
25
Let m be (10855/(-20) - 3/(-4))/(-1). Let v = 7 - 2. Suppose -4*f = v*p - m - 181, 5*p + 2*f - 729 = 0. Calculate the highest common factor of 21 and p.
21
Let b(y) = y**3 + 12*y**2 + 8*y + 8. Let i be (-260)/30 - 1/3. Let x be b(i). Suppose 3*c = x + 94. Calculate the greatest common divisor of 13 and c.
13
Let k = -479 - -196. Let z(w) = -408*w**3 - 2*w**2 + 2*w - 1. Let n be z(1). Let r = k - n. Calculate the greatest common divisor of r and 18.
18
Suppose p = 3 + 1. Suppose d + d = p. Suppose -240 = -d*m - j - 0*j, 3*j - 125 = -m. What is the highest common factor of m and 17?
17
Suppose 2*g = -2*m + 6, -g - 3*m + 4*m = 1. Let c be (2 - g)/(2/28). Let q be (12/10)/((-6)/(-140)). What is the highest common factor of q and c?
14
Suppose 3*n = o - 88, -2*o + 208 = 2*n - 0*n. Suppose -3*m - o = -7*m. What is the greatest common factor of 20 and m?
5
Let c = 411 - 178. Suppose -175 = -17*k + c. What is the greatest common factor of k and 24?
24
Let q(s) = 2*s**2 - s - 8. Let a = 32 + -36. Let x be q(a). What is the greatest common divisor of 56 and x?
28
Suppose 13*n - 12*n + 92 = 0. Let a = -88 - n. What is the highest common divisor of 28 and a?
4
Let t = -73 - -119. Calculate the greatest common divisor of t and 46.
46
Suppose -7*g = -119 - 49. What is the greatest common factor of g and 1572?
12
Let n = 13 - 9. Let v be 2/8 + 659/n. What is the greatest common divisor of v and 15?
15
Let d be (-1)/((-24)/(-750))*-4. What is the highest common factor of 25 and d?
25
Let j(z) = z**2 + 2*z + 2. Let o be j(-3). Suppose -o*u = -h + 10, 0*u - 4*u = 8. Suppose 5*d - 11 - 9 = h. Calculate the highest common factor of 10 and d.
2
Let c(d) be the first derivative of -d**4/4 - 2*d**3/3 + 5*d + 5. Let j be c(-5). What is the greatest common divisor of 20 and j?
20
Let h = -240 - -450. Let r be h/(-20)*(-26)/3. Calculate the highest common factor of r and 13.
13
Let o be (-25751)/(-110) - (-1)/(-10). Let y = -25 + 51. What is the greatest common factor of y and o?
26
Let v = 120 - 8. What is the highest common factor of v and 28?
28
Let l = -162 + 191. Let o = 5 - 7. Let n be (-58)/((-3)/((-21)/o)). What is the greatest common factor of n and l?
29
Suppose -20*n + 10502 = -10578. What is the highest common factor of n and 62?
62
Let a be (-6)/(-2)*(-5 + (-1195)/(-15)). Suppose -a = 10*m - 14*m. Calculate the highest common divisor of 7 and m.
7
Let k(w) = 2*w**2 + 5*w + 10. Let t be k(-3). Calculate the highest common divisor of t and 78.
13
Let f be -2*16/20*-5. Calculate the greatest common divisor of 128 and f.
8
Suppose -10 = -u + 4*o + 5, -5*u + o = 1. Let n(w) = 3*w**2 + 1. Let b be n(u). Let h be 5/(-20) - (-57)/b. Calculate the highest common divisor of h and 42.
14
Let n(d) = d**3 - 29*d**2 - 30*d + 17. Let b be n(30). Calculate the greatest common factor of 5 and b.
1
Suppose 0 = -l + 5*x + 754, 8*l - 2197 = 5*l + 2*x. What is the greatest common factor of 9 and l?
9
Let k = -18 + 7. Let d(p) = -p**3 - 10*p**2 + 10*p - 10. Let b be d(k). Let z = 83 + -82. What is the highest common factor of b and z?
1
Let q(h) = -h**3 + 9*h**2 + 13*h - 14. Let g be 6 + -3 + -5 - -12. Let t be q(g). What is the highest common factor of t a